{"id":141,"date":"2012-03-09T10:10:20","date_gmt":"2012-03-09T09:10:20","guid":{"rendered":"http:\/\/cpmendavia.educacion.navarra.es\/web\/?page_id=141"},"modified":"2020-09-23T11:20:16","modified_gmt":"2020-09-23T09:20:16","slug":"profesorado","status":"publish","type":"page","link":"https:\/\/cpmendavia.educacion.navarra.es\/web\/recursos-educativos\/profesorado\/","title":{"rendered":"Profesorado"},"content":{"rendered":"<p>En esta secci\u00f3n pueden encontrar otros enlaces de inter\u00e9s para el <strong>profesorado.<\/strong><\/p>\n<p><a href=\"http:\/\/www.educacion.navarra.es\/web\/dpto\/profesorado\" target=\"_blank\" rel=\"noopener noreferrer\">Educaci\u00f3n<\/a><\/p>\n<p><a href=\"https:\/\/educa.navarra.es\/auth\/realms\/educacion.navarra.es\/protocol\/openid-connect\/auth?response_type=code&amp;client_id=educa-gestion-backend&amp;redirect_uri=https%3A%2F%2Feducages.navarra.es%2FEduca%2Fsso%2Flogin&amp;state=685f1454-0025-49c0-aa51-7afe9493e9f5&amp;login=true&amp;scope=openid\">Educa para el profesorado<\/a><\/p>\n<p><a href=\"https:\/\/www.educacion.navarra.es\/\">Departamento de Educaci\u00f3n<\/a><\/p>\n<p><a href=\"http:\/\/www.educacion.navarra.es\/web\/dpto\/informacion\" target=\"_blank\" rel=\"noopener noreferrer\">Otra informaci\u00f3n<\/a><\/p>\n","protected":false},"excerpt":{"rendered":"<p>En esta secci\u00f3n pueden encontrar otros enlaces de inter\u00e9s para el profesorado. Educaci\u00f3n Educa para el profesorado Departamento de Educaci\u00f3n Otra informaci\u00f3n<\/p>\n","protected":false},"author":1,"featured_media":0,"parent":133,"menu_order":23,"comment_status":"open","ping_status":"open","template":"","meta":[],"_links":{"self":[{"href":"https:\/\/cpmendavia.educacion.navarra.es\/web\/wp-json\/wp\/v2\/pages\/141"}],"collection":[{"href":"https:\/\/cpmendavia.educacion.navarra.es\/web\/wp-json\/wp\/v2\/pages"}],"about":[{"href":"https:\/\/cpmendavia.educacion.navarra.es\/web\/wp-json\/wp\/v2\/types\/page"}],"author":[{"embeddable":true,"href":"https:\/\/cpmendavia.educacion.navarra.es\/web\/wp-json\/wp\/v2\/users\/1"}],"replies":[{"embeddable":true,"href":"https:\/\/cpmendavia.educacion.navarra.es\/web\/wp-json\/wp\/v2\/comments?post=141"}],"version-history":[{"count":4,"href":"https:\/\/cpmendavia.educacion.navarra.es\/web\/wp-json\/wp\/v2\/pages\/141\/revisions"}],"predecessor-version":[{"id":2552,"href":"https:\/\/cpmendavia.educacion.navarra.es\/web\/wp-json\/wp\/v2\/pages\/141\/revisions\/2552"}],"up":[{"embeddable":true,"href":"https:\/\/cpmendavia.educacion.navarra.es\/web\/wp-json\/wp\/v2\/pages\/133"}],"wp:attachment":[{"href":"https:\/\/cpmendavia.educacion.navarra.es\/web\/wp-json\/wp\/v2\/media?parent=141"}],"curies":[{"name":"wp","href":"https:\/\/api.w.org\/{rel}","templated":true}]}}

<p>En esta sección pueden encontrar otros enlaces de interés para el <strong>profesorado.</strong></p>
<p><a href="http://www.educacion.navarra.es/web/dpto/profesorado" target="_blank" rel="noopener noreferrer">Educación</a></p>
<p><a href="https://educa.navarra.es/auth/realms/educacion.navarra.es/protocol/openid-connect/auth?response_type=code&amp;client_id=educa-gestion-backend&amp;redirect_uri=https%3A%2F%2Feducages.navarra.es%2FEduca%2Fsso%2Flogin&amp;state=685f1454-0025-49c0-aa51-7afe9493e9f5&amp;login=true&amp;scope=openid">Educa para el profesorado</a></p>
<p><a href="https://www.educacion.navarra.es/">Departamento de Educación</a></p>
<p><a href="http://www.educacion.navarra.es/web/dpto/informacion" target="_blank" rel="noopener noreferrer">Otra información</a></p>

<p>En esta sección pueden encontrar otros enlaces de interés para el profesorado. Educación Educa para el profesorado Departamento de Educación Otra información</p>
