{"id":72,"date":"2013-04-24T10:32:18","date_gmt":"2013-04-24T10:32:18","guid":{"rendered":"http:\/\/cpmendavia.educacion.navarra.es\/web\/religion\/?page_id=72"},"modified":"2018-10-30T20:49:57","modified_gmt":"2018-10-30T20:49:57","slug":"juegos","status":"publish","type":"page","link":"https:\/\/cpmendavia.educacion.navarra.es\/web\/religion\/juegos\/","title":{"rendered":"JUEGOS"},"content":{"rendered":"<p>P\u00c1GINA CON MUCHOS JUEGOS SOBRE LA BIBLIA\u00a0<b>En esta p\u00e1gina del Ministerio de Educaci\u00f3n y Ciencia podr\u00e1s encontrar diferentes actividades pensadas para que los ni\u00f1os se acerquen a la Biblia y aprendan algo de historia sagrada de forma divertida . \u00a0\u00a0<\/b><img loading=\"lazy\" src=\"http:\/\/4.bp.blogspot.com\/-33XwVz7qBb0\/TaiQvbM37vI\/AAAAAAAAAaY\/aKRucD_9N_0\/s1600\/biblia+umeak.JPG\" alt=\"\" width=\"268\" height=\"232\" \/><\/p>\n<p><a title=\"biblia interactiva\" href=\"http:\/\/recursos.cnice.mec.es\/bibliainfantil\/index_c.html\">Clic\u00a0aqu\u00ed directo a la p\u00e1gina<\/a><\/p>\n<p>acertijos relacionados con <a title=\"acertijos\" href=\"http:\/\/acertijos.elhuevodechocolate.com\/de1a12\/acertijo9.htm\"><span style=\"color: #ff0000;\">religi\u00f3n<\/span><\/a><\/p>\n<p><a title=\"juegos\" href=\"http:\/\/www.encinardemamre.com\/juegos_de_la_biblia.html\">pagina con muchos juegos<\/a><\/p>\n<p>PINCHA EN LA IMAGEN Y JUEGA<\/p>\n<p><a href=\"http:\/\/www.capillacatolica.org\/Juegos.html\"><img loading=\"lazy\" class=\"\" src=\"http:\/\/i177.photobucket.com\/albums\/w206\/nanup73\/TituloJuegos.gif\" alt=\"\" width=\"264\" height=\"162\" \/><\/a><\/p>\n<p><span style=\"color: #ff0000;\">PINCHA EN LAS IM\u00c1GENES Y JUEGA<\/span><\/p>\n<p>&nbsp;<\/p>\n<p><a href=\"http:\/\/www3.gobiernodecanarias.org\/medusa\/ecoblog\/jmhergare\/2012\/09\/29\/juegos-de-mesa-online-para-la-clase-de-religion\/\"><img src=\"http:\/\/www.canalgif.net\/Gifs-animados\/Expresiones\/Gracias\/Imagen-animada-Gracias-01.gif\" alt=\"\" \/><\/a><\/p>\n<p><a href=\"http:\/\/roble.pntic.mec.es\/jfeg0041\/todo_reliduques\/juegos\/juegos.htm\"><img src=\"http:\/\/4.bp.blogspot.com\/-0E1qGtvs4uw\/UrQN0dSp4lI\/AAAAAAABGkg\/jVGZ9Sk0A4E\/s1600\/diosteama1.gifDIOS.gif\" alt=\"\" \/><\/a><\/p>\n<p><a href=\"http:\/\/www.ecatolico.com\/diversion.htm\"><img src=\"http:\/\/www.ecatolico.com\/imagenes\/titdiversion.jpg\" \/><\/a><\/p>\n","protected":false},"excerpt":{"rendered":"<p>P\u00c1GINA CON MUCHOS JUEGOS SOBRE LA BIBLIA\u00a0En esta p\u00e1gina del Ministerio de Educaci\u00f3n y Ciencia podr\u00e1s encontrar diferentes actividades pensadas para que los ni\u00f1os se acerquen a la Biblia y aprendan algo de historia sagrada de forma divertida . \u00a0\u00a0 &hellip; <a href=\"https:\/\/cpmendavia.educacion.navarra.es\/web\/religion\/juegos\/\">Sigue leyendo <span class=\"meta-nav\">&rarr;<\/span><\/a><\/p>\n","protected":false},"author":13,"featured_media":0,"parent":0,"menu_order":0,"comment_status":"open","ping_status":"open","template":"","meta":[],"_links":{"self":[{"href":"https:\/\/cpmendavia.educacion.navarra.es\/web\/religion\/wp-json\/wp\/v2\/pages\/72"}],"collection":[{"href":"https:\/\/cpmendavia.educacion.navarra.es\/web\/religion\/wp-json\/wp\/v2\/pages"}],"about":[{"href":"https:\/\/cpmendavia.educacion.navarra.es\/web\/religion\/wp-json\/wp\/v2\/types\/page"}],"author":[{"embeddable":true,"href":"https:\/\/cpmendavia.educacion.navarra.es\/web\/religion\/wp-json\/wp\/v2\/users\/13"}],"replies":[{"embeddable":true,"href":"https:\/\/cpmendavia.educacion.navarra.es\/web\/religion\/wp-json\/wp\/v2\/comments?post=72"}],"version-history":[{"count":11,"href":"https:\/\/cpmendavia.educacion.navarra.es\/web\/religion\/wp-json\/wp\/v2\/pages\/72\/revisions"}],"predecessor-version":[{"id":1823,"href":"https:\/\/cpmendavia.educacion.navarra.es\/web\/religion\/wp-json\/wp\/v2\/pages\/72\/revisions\/1823"}],"wp:attachment":[{"href":"https:\/\/cpmendavia.educacion.navarra.es\/web\/religion\/wp-json\/wp\/v2\/media?parent=72"}],"curies":[{"name":"wp","href":"https:\/\/api.w.org\/{rel}","templated":true}]}}