{"id":289,"date":"2012-12-16T10:28:19","date_gmt":"2012-12-16T10:28:19","guid":{"rendered":"http:\/\/blogsfad.educacion.navarra.es\/16584460b\/?page_id=289"},"modified":"2013-08-21T08:05:02","modified_gmt":"2013-08-21T08:05:02","slug":"videos","status":"publish","type":"page","link":"https:\/\/cpmendavia.educacion.navarra.es\/web\/musica\/galeria\/videos\/","title":{"rendered":"V\u00eddeos"},"content":{"rendered":"<p>1. La banda de Mozart: Aida<\/p>\n<div class=\"embed-container\"><iframe width=\"750\" height=\"563\" src=\"https:\/\/www.youtube.com\/embed\/KRXPXgKyCmY?feature=oembed\" frameborder=\"0\" allow=\"autoplay; encrypted-media\" allowfullscreen><\/iframe><\/div>\n<p>2. La banda de Mozart: \u00d3pera delirante<\/p>\n<div class=\"embed-container\"><iframe width=\"750\" height=\"563\" src=\"https:\/\/www.youtube.com\/embed\/LZNbInMMHAI?feature=oembed\" frameborder=\"0\" allow=\"autoplay; encrypted-media\" allowfullscreen><\/iframe><\/div>\n<p>3. La banda de Mozart: Peque\u00f1a m\u00fasica nocturna<\/p>\n<div class=\"embed-container\"><iframe width=\"750\" height=\"563\" src=\"https:\/\/www.youtube.com\/embed\/LGIxM5CGEFU?feature=oembed\" frameborder=\"0\" allow=\"autoplay; encrypted-media\" allowfullscreen><\/iframe><\/div>\n<p>&nbsp;<br \/>\n4. En un mercado persa de Albert Ketelbey<br \/>\n<div class=\"embed-container\"><iframe width=\"750\" height=\"422\" src=\"https:\/\/www.youtube.com\/embed\/4sVFtYOSDtQ?feature=oembed\" frameborder=\"0\" allow=\"autoplay; encrypted-media\" allowfullscreen><\/iframe><\/div><\/p>\n","protected":false},"excerpt":{"rendered":"<p>1. La banda de Mozart: Aida 2. La banda de Mozart: \u00d3pera delirante 3. La banda de Mozart: Peque\u00f1a m\u00fasica nocturna &nbsp; 4. En un mercado persa de Albert Ketelbey<\/p>\n","protected":false},"author":14,"featured_media":0,"parent":265,"menu_order":0,"comment_status":"open","ping_status":"open","template":"","meta":[],"_links":{"self":[{"href":"https:\/\/cpmendavia.educacion.navarra.es\/web\/musica\/wp-json\/wp\/v2\/pages\/289"}],"collection":[{"href":"https:\/\/cpmendavia.educacion.navarra.es\/web\/musica\/wp-json\/wp\/v2\/pages"}],"about":[{"href":"https:\/\/cpmendavia.educacion.navarra.es\/web\/musica\/wp-json\/wp\/v2\/types\/page"}],"author":[{"embeddable":true,"href":"https:\/\/cpmendavia.educacion.navarra.es\/web\/musica\/wp-json\/wp\/v2\/users\/14"}],"replies":[{"embeddable":true,"href":"https:\/\/cpmendavia.educacion.navarra.es\/web\/musica\/wp-json\/wp\/v2\/comments?post=289"}],"version-history":[{"count":12,"href":"https:\/\/cpmendavia.educacion.navarra.es\/web\/musica\/wp-json\/wp\/v2\/pages\/289\/revisions"}],"predecessor-version":[{"id":932,"href":"https:\/\/cpmendavia.educacion.navarra.es\/web\/musica\/wp-json\/wp\/v2\/pages\/289\/revisions\/932"}],"up":[{"embeddable":true,"href":"https:\/\/cpmendavia.educacion.navarra.es\/web\/musica\/wp-json\/wp\/v2\/pages\/265"}],"wp:attachment":[{"href":"https:\/\/cpmendavia.educacion.navarra.es\/web\/musica\/wp-json\/wp\/v2\/media?parent=289"}],"curies":[{"name":"wp","href":"https:\/\/api.w.org\/{rel}","templated":true}]}}

Vídeos

<p>1. La banda de Mozart: Aida</p>
<div class="embed-container"><iframe width="750" height="563" src="https://www.youtube.com/embed/KRXPXgKyCmY?feature=oembed" frameborder="0" allow="autoplay; encrypted-media" allowfullscreen></iframe></div>
<p>2. La banda de Mozart: Ópera delirante</p>
<div class="embed-container"><iframe width="750" height="563" src="https://www.youtube.com/embed/LZNbInMMHAI?feature=oembed" frameborder="0" allow="autoplay; encrypted-media" allowfullscreen></iframe></div>
<p>3. La banda de Mozart: Pequeña música nocturna</p>
<div class="embed-container"><iframe width="750" height="563" src="https://www.youtube.com/embed/LGIxM5CGEFU?feature=oembed" frameborder="0" allow="autoplay; encrypted-media" allowfullscreen></iframe></div>
<p>&nbsp;<br />
4. En un mercado persa de Albert Ketelbey<br />
<div class="embed-container"><iframe width="750" height="422" src="https://www.youtube.com/embed/4sVFtYOSDtQ?feature=oembed" frameborder="0" allow="autoplay; encrypted-media" allowfullscreen></iframe></div></p>

<p>1. La banda de Mozart: Aida 2. La banda de Mozart: Ópera delirante 3. La banda de Mozart: Pequeña música nocturna &nbsp; 4. En un mercado persa de Albert Ketelbey</p>
