{"id":1593,"date":"2012-09-10T09:09:47","date_gmt":"2012-09-10T09:09:47","guid":{"rendered":"http:\/\/cpmendavia.educacion.navarra.es\/web\/musica\/?page_id=1593"},"modified":"2017-04-22T14:34:35","modified_gmt":"2017-04-22T14:34:35","slug":"contacto-con-autora","status":"publish","type":"page","link":"https:\/\/cpmendavia.educacion.navarra.es\/web\/musica\/contacto-con-autora\/","title":{"rendered":"\u00a1BIENVENIDOS!"},"content":{"rendered":"<p>Este blog es un proyecto educativo creado en el a\u00f1o \u00a02012 por la profesora de m\u00fasica Alicia E.M. \u00a0para los alumnos de Educaci\u00f3n Primaria del Colegio P\u00fablico \u00abSan Francisco Javier \u00bb de Mendavia.<\/p>\n<p>Nace como un instrumento de comunicaci\u00f3n y apoyo a las clases que reciben los alumnos, por lo que gran parte del contenido que encuentres a lo largo de este blog est\u00e1 dedicado a ellos y a lo que se trabaja en las clases.<\/p>\n<p>&nbsp;<\/p>\n<div id=\"post-body-222732230661604764\" class=\"post-body entry-content\">Si quieres o\u00edr el mensaje de bienvenida haz clic en el play del mago.<\/div>\n<p><object id=\"widget_name\" width=\"200\" height=\"267\" classid=\"clsid:D27CDB6E-AE6D-11cf-96B8-444553540000\" codebase=\"http:\/\/download.macromedia.com\/pub\/shockwave\/cabs\/flash\/swflash.cab#version=9,0,28,0\"><param name=\"movie\" value=\"http:\/\/vhss-d.oddcast.com\/vhss_editors\/voki_player.swf?doc=http:\/\/vhss-d.oddcast.com\/php\/vhss_editors\/getvoki\/chsm=303f4f31d11c3cbc0e3034cec27fb979%26sc=10980471\" \/><param name=\"quality\" value=\"high\" \/><param name=\"allowScriptAccess\" value=\"always\" \/><param name=\"width\" value=\"200\" \/><param name=\"height\" value=\"267\" \/><param name=\"allowNetworking\" value=\"all\" \/><param name=\"wmode\" value=\"transparent\" \/><param name=\"allowFullScreen\" value=\"true\" \/><embed height=\"267\" width=\"200\" src=\"http:\/\/vhss-d.oddcast.com\/vhss_editors\/voki_player.swf?doc=http%3A%2F%2Fvhss-d.oddcast.com%2Fphp%2Fvhss_editors%2Fgetvoki%2Fchsm=303f4f31d11c3cbc0e3034cec27fb979%26sc=10980471\" quality=\"high\" allowscriptaccess=\"always\" allownetworking=\"all\" wmode=\"transparent\" allowfullscreen=\"allowfullscreen\" pluginspage=\"http:\/\/www.adobe.com\/shockwave\/download\/download.cgi?P1_Prod_Version=ShockwaveFlash\" type=\"application\/x-shockwave-flash\" name=\"widget_name\" \/><\/object><\/p>\n<div class=\"post-body entry-content\"><\/div>\n<div class=\"post-body entry-content\">\n<div class=\"post-body entry-content\">\n<div class=\"post-body entry-content\">Tambi\u00e9n puedes leerlo a continuaci\u00f3n:<\/div>\n<div class=\"post-body entry-content\"><\/div>\n<div class=\"post-body entry-content\"><em>\u00a1Hola! \u00a1Bienvenidos! Este es <b>El Blog de M\u00fasica del \u00a0CPEP San Francisco Javier de Mendavia<\/b>. Un lugar donde encontrar\u00e1s todo lo relacionado con la asignatura, el d\u00eda a d\u00eda, y todos nuestros proyectos. Puedes aportar tus sugerencias e impresiones mediante tus comentarios. Much\u00edsimas gracias por visitarnos.<\/em><\/div>\n<\/div>\n<p>&nbsp;<\/p>\n<div class=\"post-body entry-content\"><\/div>\n<\/div>\n<div class=\"post-body entry-content\"><\/div>\n<div class=\"post-body entry-content\" style=\"text-align: center;\"><\/div>\n<div class=\"post-body entry-content\">\n<div style=\"text-align: center;\">Deja tus comentarios bajo las entradas.<\/div>\n<div style=\"text-align: center;\">Saludos: Alicia<\/div>\n<div style=\"text-align: center;\"><a href=\"https:\/\/cpmendavia.educacion.navarra.es\/web\/musica\/2014\/06\/23\/felices-vacaciones-a-todos\/musical-notes\/\"><img loading=\"lazy\" class=\" wp-image-1708 aligncenter\" src=\"https:\/\/cpmendavia.educacion.navarra.es\/web\/musica\/files\/2014\/06\/musical-notes.jpg\" alt=\"musical-notes\" width=\"435\" height=\"164\" srcset=\"https:\/\/cpmendavia.educacion.navarra.es\/web\/musica\/files\/2014\/06\/musical-notes.jpg 1920w, https:\/\/cpmendavia.educacion.navarra.es\/web\/musica\/files\/2014\/06\/musical-notes-300x113.jpg 300w, https:\/\/cpmendavia.educacion.navarra.es\/web\/musica\/files\/2014\/06\/musical-notes-768x290.jpg 768w, https:\/\/cpmendavia.educacion.navarra.es\/web\/musica\/files\/2014\/06\/musical-notes-1024x386.jpg 1024w\" sizes=\"(max-width: 435px) 100vw, 435px\" \/><\/a><\/div>\n<div style=\"text-align: center;\"><\/div>\n<div style=\"text-align: center;\"><\/div>\n<\/div>\n<p>&nbsp;<\/p>\n","protected":false},"excerpt":{"rendered":"<p>Este blog es un proyecto educativo creado en el a\u00f1o \u00a02012 por la profesora de m\u00fasica Alicia E.M. \u00a0para los alumnos de Educaci\u00f3n Primaria del Colegio P\u00fablico \u00abSan Francisco Javier \u00bb de Mendavia. Nace como un instrumento de comunicaci\u00f3n y apoyo a las clases que reciben los alumnos, por lo que gran parte del contenido &hellip; <\/p>\n<p><a class=\"more-link btn\" href=\"https:\/\/cpmendavia.educacion.navarra.es\/web\/musica\/contacto-con-autora\/\">Continue reading<\/a><\/p>\n","protected":false},"author":14,"featured_media":0,"parent":0,"menu_order":1,"comment_status":"open","ping_status":"open","template":"","meta":[],"_links":{"self":[{"href":"https:\/\/cpmendavia.educacion.navarra.es\/web\/musica\/wp-json\/wp\/v2\/pages\/1593"}],"collection":[{"href":"https:\/\/cpmendavia.educacion.navarra.es\/web\/musica\/wp-json\/wp\/v2\/pages"}],"about":[{"href":"https:\/\/cpmendavia.educacion.navarra.es\/web\/musica\/wp-json\/wp\/v2\/types\/page"}],"author":[{"embeddable":true,"href":"https:\/\/cpmendavia.educacion.navarra.es\/web\/musica\/wp-json\/wp\/v2\/users\/14"}],"replies":[{"embeddable":true,"href":"https:\/\/cpmendavia.educacion.navarra.es\/web\/musica\/wp-json\/wp\/v2\/comments?post=1593"}],"version-history":[{"count":25,"href":"https:\/\/cpmendavia.educacion.navarra.es\/web\/musica\/wp-json\/wp\/v2\/pages\/1593\/revisions"}],"predecessor-version":[{"id":1891,"href":"https:\/\/cpmendavia.educacion.navarra.es\/web\/musica\/wp-json\/wp\/v2\/pages\/1593\/revisions\/1891"}],"wp:attachment":[{"href":"https:\/\/cpmendavia.educacion.navarra.es\/web\/musica\/wp-json\/wp\/v2\/media?parent=1593"}],"curies":[{"name":"wp","href":"https:\/\/api.w.org\/{rel}","templated":true}]}}

<p>Este blog es un proyecto educativo creado en el año  2012 por la profesora de música Alicia E.M.  para los alumnos de Educación Primaria del Colegio Público «San Francisco Javier » de Mendavia.</p>
<p>Nace como un instrumento de comunicación y apoyo a las clases que reciben los alumnos, por lo que gran parte del contenido que encuentres a lo largo de este blog está dedicado a ellos y a lo que se trabaja en las clases.</p>
<p>&nbsp;</p>
<div id="post-body-222732230661604764" class="post-body entry-content">Si quieres oír el mensaje de bienvenida haz clic en el play del mago.</div>
<p><object id="widget_name" width="200" height="267" classid="clsid:D27CDB6E-AE6D-11cf-96B8-444553540000" codebase="http://download.macromedia.com/pub/shockwave/cabs/flash/swflash.cab#version=9,0,28,0"><param name="movie" value="http://vhss-d.oddcast.com/vhss_editors/voki_player.swf?doc=http://vhss-d.oddcast.com/php/vhss_editors/getvoki/chsm=303f4f31d11c3cbc0e3034cec27fb979%26sc=10980471" /><param name="quality" value="high" /><param name="allowScriptAccess" value="always" /><param name="width" value="200" /><param name="height" value="267" /><param name="allowNetworking" value="all" /><param name="wmode" value="transparent" /><param name="allowFullScreen" value="true" /><embed height="267" width="200" src="http://vhss-d.oddcast.com/vhss_editors/voki_player.swf?doc=http%3A%2F%2Fvhss-d.oddcast.com%2Fphp%2Fvhss_editors%2Fgetvoki%2Fchsm=303f4f31d11c3cbc0e3034cec27fb979%26sc=10980471" quality="high" allowscriptaccess="always" allownetworking="all" wmode="transparent" allowfullscreen="allowfullscreen" pluginspage="http://www.adobe.com/shockwave/download/download.cgi?P1_Prod_Version=ShockwaveFlash" type="application/x-shockwave-flash" name="widget_name" /></object></p>
<div class="post-body entry-content"></div>
<div class="post-body entry-content">
<div class="post-body entry-content">
<div class="post-body entry-content">También puedes leerlo a continuación:</div>
<div class="post-body entry-content"></div>
<div class="post-body entry-content"><em>¡Hola! ¡Bienvenidos! Este es <b>El Blog de Música del  CPEP San Francisco Javier de Mendavia</b>. Un lugar donde encontrarás todo lo relacionado con la asignatura, el día a día, y todos nuestros proyectos. Puedes aportar tus sugerencias e impresiones mediante tus comentarios. Muchísimas gracias por visitarnos.</em></div>
</div>
<p>&nbsp;</p>
<div class="post-body entry-content"></div>
</div>
<div class="post-body entry-content"></div>
<div class="post-body entry-content" style="text-align: center;"></div>
<div class="post-body entry-content">
<div style="text-align: center;">Deja tus comentarios bajo las entradas.</div>
<div style="text-align: center;">Saludos: Alicia</div>
<div style="text-align: center;"><a href="https://cpmendavia.educacion.navarra.es/web/musica/2014/06/23/felices-vacaciones-a-todos/musical-notes/"><img loading="lazy" class=" wp-image-1708 aligncenter" src="https://cpmendavia.educacion.navarra.es/web/musica/files/2014/06/musical-notes.jpg" alt="musical-notes" width="435" height="164" srcset="https://cpmendavia.educacion.navarra.es/web/musica/files/2014/06/musical-notes.jpg 1920w, https://cpmendavia.educacion.navarra.es/web/musica/files/2014/06/musical-notes-300x113.jpg 300w, https://cpmendavia.educacion.navarra.es/web/musica/files/2014/06/musical-notes-768x290.jpg 768w, https://cpmendavia.educacion.navarra.es/web/musica/files/2014/06/musical-notes-1024x386.jpg 1024w" sizes="(max-width: 435px) 100vw, 435px" /></a></div>
<div style="text-align: center;"></div>
<div style="text-align: center;"></div>
</div>
<p>&nbsp;</p>

<p>Este blog es un proyecto educativo creado en el año  2012 por la profesora de música Alicia E.M.  para los alumnos de Educación Primaria del Colegio Público «San Francisco Javier » de Mendavia. Nace como un instrumento de comunicación y apoyo a las clases que reciben los alumnos, por lo que gran parte del contenido &hellip; </p>
<p><a class="more-link btn" href="https://cpmendavia.educacion.navarra.es/web/musica/contacto-con-autora/">Continue reading</a></p>
