{"id":96,"date":"2015-04-17T18:06:02","date_gmt":"2015-04-17T18:06:02","guid":{"rendered":"http:\/\/cpmendavia.educacion.navarra.es\/web\/ciclo3\/?page_id=96"},"modified":"2016-07-03T17:29:01","modified_gmt":"2016-07-03T17:29:01","slug":"lengua","status":"publish","type":"page","link":"https:\/\/cpmendavia.educacion.navarra.es\/web\/ciclo3\/recursos-5o\/lengua\/","title":{"rendered":"Lengua"},"content":{"rendered":"<p>ROMANCE:<\/p>\n<p style=\"text-align: center;\"><strong>EL CONDE OLINOS<\/strong><br \/>\n<a href=\"https:\/\/cpmendavia.educacion.navarra.es\/web\/ciclo3\/files\/2015\/04\/Conde-Olinos.png\"><img loading=\"lazy\" class=\" size-medium wp-image-505 aligncenter\" src=\"https:\/\/cpmendavia.educacion.navarra.es\/web\/ciclo3\/files\/2015\/04\/Conde-Olinos-222x300.png\" alt=\"Conde Olinos\" width=\"222\" height=\"300\" srcset=\"https:\/\/cpmendavia.educacion.navarra.es\/web\/ciclo3\/files\/2015\/04\/Conde-Olinos-222x300.png 222w, https:\/\/cpmendavia.educacion.navarra.es\/web\/ciclo3\/files\/2015\/04\/Conde-Olinos.png 404w\" sizes=\"(max-width: 222px) 100vw, 222px\" \/><\/a><\/p>\n<p style=\"text-align: center;\">\n<p>&nbsp;<\/p>\n<p style=\"text-align: center;\"><strong>Versi\u00f3n recopilada por Joaqu\u00edn D\u00edaz, en la interpretaci\u00f3n de Jose Negrete<\/strong><\/p>\n<p style=\"text-align: center;\"><div class=\"embed-container\"><iframe width=\"750\" height=\"563\" src=\"https:\/\/www.youtube.com\/embed\/zsChlo5JOKA?feature=oembed\" frameborder=\"0\" allow=\"autoplay; encrypted-media\" allowfullscreen><\/iframe><\/div><\/p>\n<p style=\"text-align: center;\"><strong>\u00a0Versi\u00f3n realizada por: Luis Ejarque<\/strong><\/p>\n<div class=\"embed-container\"><iframe width=\"750\" height=\"422\" src=\"https:\/\/www.youtube.com\/embed\/gX8adUGf5Vs?feature=oembed\" frameborder=\"0\" allow=\"autoplay; encrypted-media\" allowfullscreen><\/iframe><\/div>\n<p>BALADA<\/p>\n<p style=\"text-align: center;\"><strong>\u00a0LOS TRES ALPINOS<\/strong><\/p>\n<p>&nbsp;<\/p>\n<div class=\"embed-container\"><iframe width=\"750\" height=\"563\" src=\"https:\/\/www.youtube.com\/embed\/IOxHxKQzNAg?feature=oembed\" frameborder=\"0\" allow=\"autoplay; encrypted-media\" allowfullscreen><\/iframe><\/div>\n<p>&nbsp;<\/p>\n<div class=\"embed-container\"><iframe width=\"750\" height=\"563\" src=\"https:\/\/www.youtube.com\/embed\/MvUCtFjGiFc?feature=oembed\" frameborder=\"0\" allow=\"autoplay; encrypted-media\" allowfullscreen><\/iframe><\/div>\n","protected":false},"excerpt":{"rendered":"<p>ROMANCE: EL CONDE OLINOS &nbsp; Versi\u00f3n recopilada por Joaqu\u00edn D\u00edaz, en la interpretaci\u00f3n de Jose Negrete \u00a0Versi\u00f3n realizada por: Luis Ejarque BALADA \u00a0LOS TRES ALPINOS &nbsp; &nbsp;<\/p>\n","protected":false},"author":9,"featured_media":0,"parent":94,"menu_order":0,"comment_status":"open","ping_status":"open","template":"","meta":[],"_links":{"self":[{"href":"https:\/\/cpmendavia.educacion.navarra.es\/web\/ciclo3\/wp-json\/wp\/v2\/pages\/96"}],"collection":[{"href":"https:\/\/cpmendavia.educacion.navarra.es\/web\/ciclo3\/wp-json\/wp\/v2\/pages"}],"about":[{"href":"https:\/\/cpmendavia.educacion.navarra.es\/web\/ciclo3\/wp-json\/wp\/v2\/types\/page"}],"author":[{"embeddable":true,"href":"https:\/\/cpmendavia.educacion.navarra.es\/web\/ciclo3\/wp-json\/wp\/v2\/users\/9"}],"replies":[{"embeddable":true,"href":"https:\/\/cpmendavia.educacion.navarra.es\/web\/ciclo3\/wp-json\/wp\/v2\/comments?post=96"}],"version-history":[{"count":12,"href":"https:\/\/cpmendavia.educacion.navarra.es\/web\/ciclo3\/wp-json\/wp\/v2\/pages\/96\/revisions"}],"predecessor-version":[{"id":937,"href":"https:\/\/cpmendavia.educacion.navarra.es\/web\/ciclo3\/wp-json\/wp\/v2\/pages\/96\/revisions\/937"}],"up":[{"embeddable":true,"href":"https:\/\/cpmendavia.educacion.navarra.es\/web\/ciclo3\/wp-json\/wp\/v2\/pages\/94"}],"wp:attachment":[{"href":"https:\/\/cpmendavia.educacion.navarra.es\/web\/ciclo3\/wp-json\/wp\/v2\/media?parent=96"}],"curies":[{"name":"wp","href":"https:\/\/api.w.org\/{rel}","templated":true}]}}